ose 3*b - 74 = -34*b. List the prime factors of 15/(b/15*13/26).
3, 5
Let p be (-18 - -74)/(-14) - -7. Let h(k) be the second derivative of k**5/4 - k**4/3 + 7*k**3/6 + 2*k**2 - k. What are the prime factors of h(p)?
2, 31
Let j(n) = 31*n**2 + 2*n + 12. Let y(t) = -t - 10. Let r be y(-7). What are the prime factors of j(r)?
3, 5, 19
Let x(q) = -q**3 + 5*q**2 + 6*q - 14. Let g = -38 + 44. Let s be x(g). What are the prime factors of (-763)/s + 2/(4/3)?
2, 7
Let u(i) = -87*i**3 + 14*i**2 - 10*i - 38. What are the prime factors of u(-7)?
30559
Suppose 3*s + 33*h = 31*h + 50166, 3*s = 2*h + 50202. List the prime factors of s.
2, 3, 17, 41
Let p(z) be the first derivative of -z**4/2 - 2*z**2 - 7*z - 45. What are the prime factors of p(-7)?
7, 101
Let c be (-410)/(-8) - (-18)/24. Suppose z - 4*i + c = 5*z, 15 = 3*i. What are the prime factors of (-816)/18*(-12)/z?
2, 17
Let b(x) = 57*x - 9. Let z(m) = -623*m + 98. Let c(u) = 56*b(u) + 5*z(u). List the prime factors of c(9).
7, 97
Suppose 4*j - 9*k = 182883, 36*j - 45725 = 35*j - 2*k. List the prime factors of j.
3, 15241
Let b = -30984 + 51642. What are the prime factors of b?
2, 3, 11, 313
Suppose -5*u = 2*p - 53364, 2*p + 4*u - 18437 = 34923. What are the prime factors of p?
2, 1667
Let s(o) = 10*o**3 - o**2 + 51*o + 14. List the prime factors of s(9).
2, 23, 167
Let g(r) = -590 - 35*r + r**2 + 580 - 5*r + 2*r. List the prime factors of g(-7).
5, 61
Suppose 8*k = 15*k - 420. Let d(p) = 10*p**3 + 2*p**2 + p - 1. Let j be d(2). Let f = j - k. What are the prime factors of f?
29
Let m(j) = j**3 + 28*j**2 + 46*j + 54. Let c(h) = 5*h**2 - 66*h - 12. Let o be c(13). List the prime factors of m(o).
19, 41
Let c(b) = b**2 - b + 1. Let y = -231 - -237. What are the prime factors of c(y)?
31
Let v = -97 - -112. Suppose v*h = 1389 + 621. List the prime factors of h.
2, 67
Let y = -298 - -300. Suppose -5*i + 6*a - a + 3550 = 0, 4*i - 2810 = -y*a. What are the prime factors of i?
3, 5, 47
Suppose 36*z - 130 = 34*z. Suppose 0 = -2*s + 41 + z. What are the prime factors of s?
53
Let m(w) = 4*w**2 + 16*w - 325. Let i be m(13). Suppose 5*j = 3*t - 158 - 351, -i = -3*t - 5*j. What are the prime factors of t?
2, 89
Let g = 484 + 2. Suppose g = -2*a - 7*a. What are the prime factors of -1 + 0 + (4 + -6)*a?
107
Let l = 483 + -459. What are the prime factors of l/((-2 + -3)/(-10))?
2, 3
Let h(q) = -20*q**3 + 8*q**2 - 8*q + 24. List the prime factors of h(-6).
2, 3, 5, 13
Let x = 410 + -407. Suppose -x*g = -16*g + 19136. List the prime factors of g.
2, 23
Let s(o) = o**2 - 1. Let v(l) = -5*l**2 - 13*l + 1. Let h(m) = -4*s(m) - v(m). Let g be h(-5). What are the prime factors of (g/4)/(1 + (-9)/8)?
2, 37
Suppose 630*n - 5*i + 42280 = 635*n, 0 = 3*i + 18. What are the prime factors of n?
2, 4231
What are the prime factors of (3 + (-8 - 0) - 2) + 6524?
7, 19
Let p(j) = -10*j**2 - 14*j + 4. Let i be p(10). Let q = -765 - i. List the prime factors of q.
7, 53
Let g = -144 + 167. Let s = 23 + g. List the prime factors of s.
2, 23
Let q be -6 + -5 - (-12 + -3). Let g = -5 - -10. Suppose 6*d = 4*d - g*t + 251, 0 = -q*d - 5*t + 517. What are the prime factors of d?
7, 19
Let h = 238 + -234. Suppose f - d = 28, -2*f + d - 5*d + 62 = 0. Suppose h*i - f = 27. What are the prime factors of i?
2, 7
Suppose -3*l = -4*v - 14546, -2*v + 17379 = 4*l - 2045. Suppose 834 = -6*r + l. What are the prime factors of r?
2, 5, 67
Let l(p) = 92*p**2 + 77*p + 638. What are the prime factors of l(-13)?
5, 3037
Let f(n) = 14*n**2 + 38*n - 137. List the prime factors of f(-33).
5, 17, 163
Let i(f) = -15 + 0 + 12*f**2 - 34*f**3 + 3*f - 26*f**3 + 61*f**3. List the prime factors of i(-8).
7, 31
Let y = -2 - -7. Suppose -y*j = 2*q + 29, 2*q - 82 = 7*q + 3*j. Let h = 35 + q. What are the prime factors of h?
2, 3
Let o(l) = -81*l + 53. Let d be o(-2). Let i = d + 903. What are the prime factors of i?
2, 13, 43
Suppose -2*v + 3754 = -114*m + 112*m, -3*v - 3*m = -5613. What are the prime factors of v?
2, 937
Let t(j) = 5*j + 2. Let m be t(-4). Let l(v) be the second derivative of -v**4/12 - 11*v**3/3 - 4*v**2 + 7*v. What are the prime factors of l(m)?
2
Suppose -174*p + 13551264 = 248*p. List the prime factors of p.
2, 3, 223
Suppose 0 = -m - n + 805 + 8329, -3*n + 36532 = 4*m. What are the prime factors of m?
2, 5, 11, 83
Suppose -3*g - 4*t = 3332, 3*g + 3*t + 5535 = -2*g. Let a be (14/(-21))/(4/g). Let f = a + -85. What are the prime factors of f?
3, 11
Suppose -5768 = 5*x - 2*k - k, -5772 = 5*x - 2*k. Let d = -535 - x. List the prime factors of d.
3, 23
Suppose -o = 31 + 97. Let i = -119 + 35. Let v = i - o. List the prime factors of v.
2, 11
Let d = -459 + 987. Let c = 179 - 174. Suppose 3*a = -c*a + d. List the prime factors of a.
2, 3, 11
Suppose -4*c - 2*o = -102, 5*o + 123 = 5*c - c. Let v = c - 22. Suppose -v*p = d - 74, 5*p - 6*p = 3*d - 180. What are the prime factors of d?
59
Let n(k) = 21*k**2 - 9*k - 1701. List the prime factors of n(41).
3, 11, 19, 53
Suppose -q = 0, 3*z = -q - 0*q + 2079. Suppose 0 = 2*a + w - z, a = -3*w + 6*w + 350. What are the prime factors of a?
347
Let n(l) = 78*l + 15*l**2 - 88*l + 14*l**2 + l**3 + 69. What are the prime factors of n(-29)?
359
Let v = 704 - 708. Let l(s) = -168*s - 30. List the prime factors of l(v).
2, 3, 107
Suppose 23*o - 833 = 16*o. Let f = o - -201. List the prime factors of f.
2, 5
Let s(x) = 2155*x - 13898. List the prime factors of s(10).
2, 1913
Suppose 5*h - 41 = 9. Suppose -5*r + h = -10*r. List the prime factors of 12/(r + 4) - 1.
5
What are the prime factors of (135880/602)/(2/231)?
2, 3, 5, 11, 79
What are the prime factors of 26070/(1 - -2) - ((-120)/10 + 13)?
8689
Suppose 0 = -4*m - 8 + 24. Suppose 0 = 4*q - 2*i - 4, 0*q = -m*q + 5*i + 10. Suppose 5*d = -3*c - 0*c + 215, d - c - 35 = q. What are the prime factors of d?
2, 5
Let q = -3691 - -5218. List the prime factors of q.
3, 509
Suppose -4*t = 4, -4*t = -3*x - x + 12. Let g(f) be the third derivative of 17*f**4/24 - f**3/3 - 71*f**2. What are the prime factors of g(x)?
2
Let j(h) = 19*h**2 - 50*h + 2823. List the prime factors of j(34).
23087
Suppose -8*t = -3554 - 2734. Let v = 1256 - t. List the prime factors of v.
2, 5, 47
Suppose 98*h = 106*h - 42072. List the prime factors of h.
3, 1753
What are the prime factors of 35*(-1304)/(-40)*(-1 + 2)?
7, 163
Let k(n) = -n - 7. Let o be k(-7). Suppose 3*d - 3 = o, -3*l = 3*d - 8*d - 142. List the prime factors of l.
7
Let f(k) = 20*k**2 - k + 1. Let j be f(-1). Let p = -17 + j. Suppose 0 = -0*i - 4*i + 5*o + 788, 0 = -p*i + 5*o + 980. What are the prime factors of i?
2, 3
Let w(g) = -69 + g + 84 + 9*g**2 + g**3 + 10*g - 2*g. Let s be w(-8). Let c(z) = -z**3 + 10*z**2 - 6*z + 21. What are the prime factors of c(s)?
2, 3, 7
List the prime factors of -4188*(9 - (-38)/(-4)).
2, 3, 349
Let u = 68423 - 11715. List the prime factors of u.
2, 14177
Let k(p) = 121*p**2 - 153*p + 22. List the prime factors of k(-11).
2, 11, 743
Let n = -22325 + 31303. List the prime factors of n.
2, 67
Let l = 821 - -3887. What are the prime factors of l?
2, 11, 107
What are the prime factors of (-4)/18 - 1*(-52)/351*326877?
2, 3, 7, 1153
Let r be 0 + (-4)/16 + 2/8. Suppose -5*x = -3*z + 315, r = -11*x + 8*x + 5*z - 205. What are the prime factors of (9 - x) + 2*-1?
67
Let f(p) be the third derivative of p**4/12 + p**3/3 + 12*p**2. Let k be f(4). Let l = k - -12. List the prime factors of l.
2, 11
Let q(l) = 4*l**2 + 4 - 18*l**2 + 37*l + l**3 - 7*l**2. What are the prime factors of q(20)?
2, 43
Suppose 52*s - 50*s = -4*q + 13894, 0 = s - 3*q - 6937. What are the prime factors of s?
53, 131
Suppose 0 = -8*p - 4836 + 41699 + 32497. List the prime factors of p.
2, 3, 5, 17
Suppose 59004 = -2*v + 19*v - 421603. List the prime factors of v.
17, 1663
Suppose -3019 = -5*a - 4*z, -5*a = -3*z + z - 3043. Suppose 0 = 4*i - 4*m + a - 6563, -4 = 4*m. What are the prime factors of i?
2, 3, 31
Suppose 5*r - 654 = -3*q, q = -r - 3*q + 141. Suppose -5*h - 4*p = -1054, h - 73 = -3*p + r. What are the prime factors of h?
2, 107
Let j(c) = 20 - 13*c + 21 - 14 - 8*c. Let z be j(8). Let u = z - -369. What are the prime factors of u?
2, 3, 19
Let u = -145 - -161. List the prime factors of -1 + (333 - u)/(0 + 1).
2, 79
Let x(h) = -1